{"id":223,"date":"2022-03-14T08:56:14","date_gmt":"2022-03-14T08:56:14","guid":{"rendered":"https:\/\/vrblekingekusten.vattenorg.se\/?page_id=223"},"modified":"2022-03-14T08:56:14","modified_gmt":"2022-03-14T08:56:14","slug":"vatmarkssafari-i-blekinge-arkipelag","status":"publish","type":"page","link":"https:\/\/vrblekingekusten.vattenorg.se\/?page_id=223","title":{"rendered":"V\u00e5tmarkssafari i Blekinge Arkipelag!"},"content":{"rendered":"\n<p><em><div class='w3eden wpdm_packages_shortcode'>\n    <div class=''>\n\n        \n        <div id=\"content_wpdm_package_1\">\n            <div class='row'><div class='col-md-12'>No downloads found!<\/div><\/div>            <div style='clear:both'><\/div><div class='text-center'><ul class='pagination wpdm-pagination pagination-centered text-center'><\/ul><\/div><div style='clear:both'><\/div>        <\/div>\n\n        <div style='clear:both'><\/div>\n    <\/div>\n<\/div>\n<\/em><\/p>\n\n\n\n<p>Fungerar in anm\u00e4lningsl\u00e4nken? Testa h\u00e4r: <a href=\"https:\/\/forms.gle\/pVxUPhwyumwx9qUY6\">https:\/\/forms.gle\/pVxUPhwyumwx9qUY6<\/a><\/p>\n\n\n\n<figure class=\"wp-block-image size-large is-style-default\"><img loading=\"lazy\" decoding=\"async\" width=\"791\" height=\"1024\" src=\"https:\/\/vrblekingekusten.vattenorg.se\/wp-content\/uploads\/2022\/03\/Inbjudan-vatmarkssafari-2022-791x1024.jpg\" alt=\"\" class=\"wp-image-216\" srcset=\"https:\/\/vrblekingekusten.vattenorg.se\/wp-content\/uploads\/2022\/03\/Inbjudan-vatmarkssafari-2022-791x1024.jpg 791w, https:\/\/vrblekingekusten.vattenorg.se\/wp-content\/uploads\/2022\/03\/Inbjudan-vatmarkssafari-2022-232x300.jpg 232w, https:\/\/vrblekingekusten.vattenorg.se\/wp-content\/uploads\/2022\/03\/Inbjudan-vatmarkssafari-2022-768x994.jpg 768w, https:\/\/vrblekingekusten.vattenorg.se\/wp-content\/uploads\/2022\/03\/Inbjudan-vatmarkssafari-2022-1187x1536.jpg 1187w, https:\/\/vrblekingekusten.vattenorg.se\/wp-content\/uploads\/2022\/03\/Inbjudan-vatmarkssafari-2022-660x854.jpg 660w, https:\/\/vrblekingekusten.vattenorg.se\/wp-content\/uploads\/2022\/03\/Inbjudan-vatmarkssafari-2022.jpg 1275w\" sizes=\"auto, (max-width: 791px) 100vw, 791px\" \/><\/figure>\n","protected":false},"excerpt":{"rendered":"<p>Fungerar in anm\u00e4lningsl\u00e4nken? Testa h\u00e4r: https:\/\/forms.gle\/pVxUPhwyumwx9qUY6<\/p>\n","protected":false},"author":4,"featured_media":0,"parent":109,"menu_order":0,"comment_status":"closed","ping_status":"closed","template":"","meta":{"footnotes":""},"class_list":["post-223","page","type-page","status-publish","hentry"],"_links":{"self":[{"href":"https:\/\/vrblekingekusten.vattenorg.se\/index.php?rest_route=\/wp\/v2\/pages\/223","targetHints":{"allow":["GET"]}}],"collection":[{"href":"https:\/\/vrblekingekusten.vattenorg.se\/index.php?rest_route=\/wp\/v2\/pages"}],"about":[{"href":"https:\/\/vrblekingekusten.vattenorg.se\/index.php?rest_route=\/wp\/v2\/types\/page"}],"author":[{"embeddable":true,"href":"https:\/\/vrblekingekusten.vattenorg.se\/index.php?rest_route=\/wp\/v2\/users\/4"}],"replies":[{"embeddable":true,"href":"https:\/\/vrblekingekusten.vattenorg.se\/index.php?rest_route=%2Fwp%2Fv2%2Fcomments&post=223"}],"version-history":[{"count":1,"href":"https:\/\/vrblekingekusten.vattenorg.se\/index.php?rest_route=\/wp\/v2\/pages\/223\/revisions"}],"predecessor-version":[{"id":224,"href":"https:\/\/vrblekingekusten.vattenorg.se\/index.php?rest_route=\/wp\/v2\/pages\/223\/revisions\/224"}],"up":[{"embeddable":true,"href":"https:\/\/vrblekingekusten.vattenorg.se\/index.php?rest_route=\/wp\/v2\/pages\/109"}],"wp:attachment":[{"href":"https:\/\/vrblekingekusten.vattenorg.se\/index.php?rest_route=%2Fwp%2Fv2%2Fmedia&parent=223"}],"curies":[{"name":"wp","href":"https:\/\/api.w.org\/{rel}","templated":true}]}}