{"id":117,"date":"2018-09-24T17:45:00","date_gmt":"2018-09-24T17:45:00","guid":{"rendered":"https:\/\/vrblekingekusten.vattenorg.se\/?page_id=117"},"modified":"2022-03-07T15:04:33","modified_gmt":"2022-03-07T15:04:33","slug":"bli-medlem","status":"publish","type":"page","link":"https:\/\/vrblekingekusten.vattenorg.se\/?page_id=117","title":{"rendered":"Bli medlem"},"content":{"rendered":"\n<p>Den som vill bli medlem i Vattenr\u00e5det f\u00f6r Blekingekusten, kan s\u00e4tta in medlemsavgiften p\u00e5 bankgiro:861-8027. Skriv namn och kontaktuppgifter.<\/p>\n\n\n\n<p>Medlemsavgift privatpersoner och f\u00f6reningar: 100 kr \/ \u00e5r.<br>Medlemsavgift kommuner och f\u00f6retag: 1000 kr \/ \u00e5r.<\/p>\n\n\n\n<figure class=\"wp-block-image size-large\"><img loading=\"lazy\" decoding=\"async\" width=\"1024\" height=\"768\" src=\"https:\/\/vrblekingekusten.vattenorg.se\/wp-content\/uploads\/2022\/03\/IMG_2392-1024x768.jpg\" alt=\"\" class=\"wp-image-189\" srcset=\"https:\/\/vrblekingekusten.vattenorg.se\/wp-content\/uploads\/2022\/03\/IMG_2392-1024x768.jpg 1024w, https:\/\/vrblekingekusten.vattenorg.se\/wp-content\/uploads\/2022\/03\/IMG_2392-300x225.jpg 300w, https:\/\/vrblekingekusten.vattenorg.se\/wp-content\/uploads\/2022\/03\/IMG_2392-768x576.jpg 768w, https:\/\/vrblekingekusten.vattenorg.se\/wp-content\/uploads\/2022\/03\/IMG_2392-1536x1152.jpg 1536w, https:\/\/vrblekingekusten.vattenorg.se\/wp-content\/uploads\/2022\/03\/IMG_2392-2048x1536.jpg 2048w, https:\/\/vrblekingekusten.vattenorg.se\/wp-content\/uploads\/2022\/03\/IMG_2392-660x495.jpg 660w\" sizes=\"auto, (max-width: 1024px) 100vw, 1024px\" \/><\/figure>\n","protected":false},"excerpt":{"rendered":"<p>Den som vill bli medlem i Vattenr\u00e5det f\u00f6r Blekingekusten, kan s\u00e4tta in medlemsavgiften p\u00e5 bankgiro:861-8027. Skriv namn och kontaktuppgifter. Medlemsavgift privatpersoner och f\u00f6reningar: 100 kr \/ \u00e5r.Medlemsavgift kommuner och f\u00f6retag: 1000 kr \/ \u00e5r.<\/p>\n","protected":false},"author":1,"featured_media":0,"parent":0,"menu_order":0,"comment_status":"closed","ping_status":"closed","template":"","meta":{"footnotes":""},"class_list":["post-117","page","type-page","status-publish","hentry"],"_links":{"self":[{"href":"https:\/\/vrblekingekusten.vattenorg.se\/index.php?rest_route=\/wp\/v2\/pages\/117","targetHints":{"allow":["GET"]}}],"collection":[{"href":"https:\/\/vrblekingekusten.vattenorg.se\/index.php?rest_route=\/wp\/v2\/pages"}],"about":[{"href":"https:\/\/vrblekingekusten.vattenorg.se\/index.php?rest_route=\/wp\/v2\/types\/page"}],"author":[{"embeddable":true,"href":"https:\/\/vrblekingekusten.vattenorg.se\/index.php?rest_route=\/wp\/v2\/users\/1"}],"replies":[{"embeddable":true,"href":"https:\/\/vrblekingekusten.vattenorg.se\/index.php?rest_route=%2Fwp%2Fv2%2Fcomments&post=117"}],"version-history":[{"count":3,"href":"https:\/\/vrblekingekusten.vattenorg.se\/index.php?rest_route=\/wp\/v2\/pages\/117\/revisions"}],"predecessor-version":[{"id":191,"href":"https:\/\/vrblekingekusten.vattenorg.se\/index.php?rest_route=\/wp\/v2\/pages\/117\/revisions\/191"}],"wp:attachment":[{"href":"https:\/\/vrblekingekusten.vattenorg.se\/index.php?rest_route=%2Fwp%2Fv2%2Fmedia&parent=117"}],"curies":[{"name":"wp","href":"https:\/\/api.w.org\/{rel}","templated":true}]}}